{"id":50,"date":"2017-07-07T00:53:52","date_gmt":"2017-07-07T05:53:52","guid":{"rendered":"https:\/\/hilfswerk-st-godehard.de\/hsg\/index.php\/home\/"},"modified":"2024-10-03T19:22:54","modified_gmt":"2024-10-03T19:22:54","slug":"home","status":"publish","type":"page","link":"https:\/\/hilfswerk-st-godehard.de\/","title":{"rendered":"Home"},"content":{"rendered":"<div id=\"cs-content\" class=\"cs-content\"><div class=\"x-section e50-e1 m1e-0 m1e-1\"><div class=\"x-row x-container max width e50-e2 m1e-4 m1e-5 m1e-7\"><div class=\"x-row-inner\"><div class=\"x-col e50-e3 m1e-9\"><div data-x-element-text-type=\"{&quot;strings&quot;:[&quot; Ihre Beerdigung?&quot;],&quot;type_speed&quot;:30,&quot;back_speed&quot;:20,&quot;start_delay&quot;:0,&quot;back_delay&quot;:1000,&quot;loop&quot;:false,&quot;show_cursor&quot;:true,&quot;cursor&quot;:&quot;|&quot;}\" class=\"x-text x-text-headline e50-e4 m1e-b\"><div class=\"x-text-content\"><div class=\"x-text-content-text\"><h1 class=\"x-text-content-text-primary\">Wer bezahlt <span class=\"x-text-typing\"><\/span><\/h1>\n<\/div><\/div><\/div><\/div><\/div><\/div><\/div><div class=\"x-section e50-e5 m1e-0 m1e-2\"><div class=\"x-row x-container max width e50-e6 m1e-4 m1e-6 m1e-8\"><div class=\"x-row-inner\"><div class=\"x-col e50-e7 m1e-9 m1e-a\"><span class=\"x-image e50-e8 m1e-c m1e-3\"><img decoding=\"async\" src=\"https:\/\/hilfswerk-st-godehard.de\/wp-content\/uploads\/Wer-1.jpg\" width=\"1735\" height=\"922\" alt=\"Beispiel Antworten\" loading=\"lazy\"><\/span><div class=\"x-text x-content e50-e9 m1e-d m1e-e\"><h4 style=\"text-align: left;\"><span style=\"color: #800000;\">Warum eine <\/span><span style=\"color: #800000;\">Sterbegeldversicherung?<\/span><\/h4>\n<p><\/p>\n\n<ul>\n \t<li style=\"text-align: left;\"><span style=\"color: #800000;\"><span style=\"color: #000000;\">Eine w\u00fcrdige Beerdigung ist teuer und zus\u00e4tzlich zur Trauer sollen sich Ihre Angeh\u00f6rigen nicht um die Kosten sorgen m\u00fcssen.<\/span><\/span><\/li>\n \t<li style=\"text-align: left;\"><span style=\"color: #000000;\">Sollten Sie im Alter auf Unterst\u00fctzung vom Amt angewiesen sein \u2013 zB f\u00fcr die Kosten eines Pflegeheims \u2013 m\u00fcssen zuerst Ihre finanziellen Reserven verbraucht werden. Die Sterbeversicherung ist keine kapitalbildende Versicherung und muss daher auch nicht aufgel\u00f6st werden. Das Geld steht Ihren Erben weiterhin zu.<\/span><\/li>\n \t<li style=\"text-align: left;\"><span style=\"color: #000000;\">Ein Todesfall ist unvorhersehbar. Wenn sich die Kinder gerade eine Wohnung oder ein Haus gekauft haben oder die Familienkasse durch andere notwendige Anschaffungen arg gebeutelt wurde - kommt die Unterst\u00fctzung durch die Sterbekasse sehr gelegen.<\/span><\/li>\n \t<li style=\"text-align: left;\"><span style=\"color: #000000;\">Ihre Kinder erben das Haus? Da werden sie sich freuen \u2013 aber bis eine Immobilie zu Geld wird, gehen einige Monate ins Land. Die Kosten f\u00fcr Ihre Beerdigung fallen viel fr\u00fcher an.<\/span><\/li>\n \t<li style=\"text-align: left;\"><span style=\"color: #000000;\">Falls Sie keine Verwandten (mehr) haben, die Ihre Beerdigung zahlen werden, k\u00f6nnen Sie das Sterbegeld z.B. einem Beerdigungsunternehmen oder einem Freund abtreten.<\/span><\/li>\n<\/ul><\/div><div class=\"x-text x-content e50-e10 m1e-d m1e-f\"><h4 style=\"text-align: left;\"><span style=\"color: #800000;\">Warum das Hilfswerk St. Godehard?<\/span><\/h4>\n<p><\/p>\n<p><span style=\"color: #000000;\">Das Katholische Hilfswerk \"St. Godehard\" ist eine Sterbekasse, ein kleiner Versicherungsverein im Sinne des \u00a7 53 des Gesetzes \u00fcber die Beaufsichtigung der privaten Versicherungsunternehmen und Bausparkassen vom 6. Juni 1931.<\/span><\/p>\n\n<ul>\n \t<li style=\"text-align: left;\"><span style=\"color: #000000;\">Im Hilfswerk St. Godehard z\u00e4hlt die Solidarit\u00e4t \u2013 wir sind ein kleiner Versicherungsverein auf Gegenseitigkeit. Das bedeutet, aus den aktuellen Beitr\u00e4gen zahlen wir die Versicherungssummen bei Beerdigungen unserer Mitglieder. Die Beitr\u00e4ge der k\u00fcnftig zahlenden Mitglieder sichern die Versicherungssummen bei Beerdigungen der jetzigen Zahler.<\/span><\/li>\n \t<li style=\"text-align: left;\"><span style=\"color: #000000;\">Anders als bei gro\u00dfen Versicherungen werden keine Gewinne an Anteilseigner oder Aktion\u00e4re oder Eigent\u00fcmer abgef\u00fchrt \u2013 \u00dcbersch\u00fcsse sichern die Vertr\u00e4ge der aktuellen Mitglieder.<\/span><\/li>\n \t<li style=\"text-align: left;\"><span style=\"color: #000000;\">Es werden keine Geh\u00e4lter, Abfindungen und Pr\u00e4mien von Ihrem Beitrag bezahlt - der Vorstand arbeitet ehrenamtlich und bekommt, ebenso wie die Gesch\u00e4ftsf\u00fchrung, eine kleine Aufwandsentsch\u00e4digung. Es gibt auch keine teuren B\u00fcrogeb\u00e4ude und Dienstfahrzeuge.<\/span><\/li>\n \t<li style=\"text-align: left;\"><span style=\"color: #000000;\">Die Auszahlung des Sterbegeldes erfolgt schnell und unb\u00fcrokratisch nach Vorlage der Sterbeurkunde (bei Unfalltod auch dann, wenn die sechs Monate Mindestmitgliedschaft nicht erreicht werden sollten).<\/span><\/li>\n<\/ul><\/div><\/div><\/div><\/div><\/div><span data-x-element-responsive-text=\"{&quot;selector&quot;:&quot;.h-responsive .x-text-content-text-primary&quot;,&quot;compression&quot;:&quot;1.25&quot;,&quot;minFontSize&quot;:&quot;36px&quot;,&quot;maxFontSize&quot;:&quot;56px&quot;}\" class=\"e50-e11\"><\/span><\/div>\n","protected":false},"excerpt":{"rendered":"<p>Wer bezahlt Warum eine Sterbegeldversicherung? Eine w\u00fcrdige Beerdigung ist teuer und zus\u00e4tzlich zur Trauer sollen sich Ihre Angeh\u00f6rigen nicht um die Kosten sorgen m\u00fcssen. Sollten Sie im Alter auf Unterst\u00fctzung vom Amt angewiesen sein \u2013 zB f\u00fcr die Kosten eines Pflegeheims \u2013 m\u00fcssen zuerst Ihre finanziellen Reserven verbraucht werden. Die Sterbeversicherung ist keine kapitalbildende Versicherung und muss daher auch nicht &#8230;<\/p>\n","protected":false},"author":1,"featured_media":0,"parent":0,"menu_order":0,"comment_status":"closed","ping_status":"closed","template":"template-blank-4.php","meta":{"footnotes":""},"class_list":["post-50","page","type-page","status-publish","hentry","no-post-thumbnail"],"_links":{"self":[{"href":"https:\/\/hilfswerk-st-godehard.de\/index.php?rest_route=\/wp\/v2\/pages\/50","targetHints":{"allow":["GET"]}}],"collection":[{"href":"https:\/\/hilfswerk-st-godehard.de\/index.php?rest_route=\/wp\/v2\/pages"}],"about":[{"href":"https:\/\/hilfswerk-st-godehard.de\/index.php?rest_route=\/wp\/v2\/types\/page"}],"author":[{"embeddable":true,"href":"https:\/\/hilfswerk-st-godehard.de\/index.php?rest_route=\/wp\/v2\/users\/1"}],"replies":[{"embeddable":true,"href":"https:\/\/hilfswerk-st-godehard.de\/index.php?rest_route=%2Fwp%2Fv2%2Fcomments&post=50"}],"version-history":[{"count":51,"href":"https:\/\/hilfswerk-st-godehard.de\/index.php?rest_route=\/wp\/v2\/pages\/50\/revisions"}],"predecessor-version":[{"id":713,"href":"https:\/\/hilfswerk-st-godehard.de\/index.php?rest_route=\/wp\/v2\/pages\/50\/revisions\/713"}],"wp:attachment":[{"href":"https:\/\/hilfswerk-st-godehard.de\/index.php?rest_route=%2Fwp%2Fv2%2Fmedia&parent=50"}],"curies":[{"name":"wp","href":"https:\/\/api.w.org\/{rel}","templated":true}]}}