{"id":265,"date":"2024-08-01T21:07:47","date_gmt":"2024-08-01T21:07:47","guid":{"rendered":"https:\/\/hilfswerk-st-godehard.de\/hsg\/?page_id=265"},"modified":"2024-10-03T14:06:08","modified_gmt":"2024-10-03T14:06:08","slug":"datenschutz","status":"publish","type":"page","link":"https:\/\/hilfswerk-st-godehard.de\/?page_id=265","title":{"rendered":"Datenschutz"},"content":{"rendered":"<div id=\"cs-content\" class=\"cs-content\"><div class=\"x-section e265-e1 m7d-0\"><div class=\"x-row e265-e2 m7d-1 m7d-2\"><div class=\"x-row-inner\"><div class=\"x-col e265-e3 m7d-3\"><div class=\"x-text x-content e265-e4 m7d-4\"><h3><span style=\"color: #800000;\"><span style=\"color: #800000;\">Datenschutzer<\/span><span style=\"color: #800000;\"><span style=\"color: #800000;\">kl\u00e4rung<\/span><\/span><\/span><\/h3>\n<h4><span style=\"color: #800000;\">Geltungsbereich<\/span><\/h4>\n<p class=\"justify\" style=\"text-align: left;\">Unsere Webseite erhebt keine pers\u00f6nlichen Daten von Ihnen, au\u00dfer den im Abschnitt\u00a0<span style=\"color: #ff6600;\"><a style=\"color: #ff6600;\" href=\"https:\/\/hilfswerk-st-godehard.de\/privacy.php#log\"><span style=\"color: #800000;\">Protokollierung durch den Provider<\/span> <\/a><\/span>\u00a0und <span style=\"color: #ff6600;\"><a style=\"color: #ff6600;\" href=\"https:\/\/hilfswerk-st-godehard.de\/privacy.php#contact\"><span style=\"color: #800000;\">Kontaktaufnahme<\/span><\/a><\/span>\u00a0genannten.<\/p>\n<p class=\"justify\" style=\"text-align: left;\">Diese Datenschutzerkl\u00e4rung kl\u00e4rt Sie als Nutzer unserer Webseite \u00fcber die Art, den Umfang und Zwecke der Erhebung und Verwendung personenbezogener Daten durch uns, das Katholische Hilfswerk \"St. Godehard\", auf.<\/p>\n\n<h4 id=\"log\"><span style=\"color: #800000;\">Protokollierung durch den Provider<\/span><\/h4>\n<p>Ihr Browser \u00fcbermittelt diverse Daten an den Webserver. Der Webserver speichert folgende Daten in Protokolldateien:<\/p>\n\n<ul class=\"log\">\n \t<li class=\"log\">Ihre IP-Adresse<\/li>\n \t<li class=\"log\">Datum und Uhrzeit des Zugriffs auf den Webserver<\/li>\n \t<li class=\"log\">den Dateinamen, den Ihr Browser abgerufen hat<\/li>\n \t<li class=\"log\">den Statuscode des Webservers und die Anzahl der \u00fcbertragenen Bytes<\/li>\n \t<li class=\"log\">die Adresse der Webseite, von der aus Sie zu unserer Webseite gekommen sind, zum Beispiel die Adresse einer Suchmaschine<\/li>\n \t<li class=\"log\">die Angaben des\u00a0<span style=\"color: #800000;\"><a class=\"ext\" style=\"color: #800000;\" href=\"https:\/\/de.wikipedia.org\/wiki\/User_Agent\">User Agents<\/a><\/span><\/li>\n<\/ul>\n<p>Ihr Internet-Provider kann aus der IP-Adresse ermitteln, welcher seiner Kunden diese IP-Adresse zum Zeitpunkt des Aufrufs der Webseite hatte.<\/p>\n<p>Diese Daten werden von uns nur zu statistischen Zwecken verwendet und an niemandem weitergegeben. Wir behalten uns aber vor, diese Daten im Falle einer rechtswidrigen Nutzung einer Strafverfolgungsbeh\u00f6rde zur Verf\u00fcgung zu stellen.<\/p>\n\n<h4><span style=\"color: #800000;\">Umgang mit personenbezogenen Daten<\/span><\/h4>\n<p>Personenbezogene Daten sind Informationen, mit deren Hilfe eine Person bestimmbar ist, also Angaben, die zur\u00fcck zu einer Person verfolgt werden k\u00f6nnen. Dazu geh\u00f6ren der Name, die E-Mailadresse oder die Telefonnummer. Aber auch Daten \u00fcber Vorlieben, Hobbies, Mitgliedschaften oder welche Webseiten von jemandem angesehen wurden z\u00e4hlen zu personenbezogenen Daten.<\/p>\n<p>Personenbezogene Daten werden von uns nur dann erhoben, genutzt und weiter gegeben, wenn dies gesetzlich erlaubt ist oder Sie der Nutzung Ihrer Daten und gegebenenfalls der Weitergabe zugestimmt haben.<\/p>\n\n<h4 id=\"contact\"><span style=\"color: #800000;\">Kontaktaufnahme<\/span><\/h4>\n<p>Bei der Kontaktaufnahme mit uns per E-Mail werden Ihre Angaben zwecks Bearbeitung der Anfrage sowie f\u00fcr den Fall, dass\u00a0 weitere Fragen entstehen, gespeichert.<\/p>\n<p>Wenn Sie damit nicht einverstanden sind, bitten wir Sie um eine alternative Form der Kontaktaufnahme.<\/p>\n\n<h4><span style=\"color: #800000;\">Einbindung von Diensten und Inhalten Dritter<\/span><\/h4>\n<p>Sobald Sie einen Link auf eine andere Webseite benutzen (erkennbar an der blauen Schrift und der blauen Unterstreichung) verlassen Sie unsere Webseite und wir haben keinen Einfluss mehr auf Datenschutz oder Verwendung von pers\u00f6nlichen Daten.<\/p>\n\n<h4><span style=\"color: #800000;\">Widerruf, \u00c4nderungen, Berichtigungen und Aktualisierungen<\/span><\/h4>\n<p>Sie haben das Recht, auf Antrag unentgeltlich \u00fcber die personenbezogenen Daten, die \u00fcber Sie gespeichert wurden, Auskunft zu erhalten. Zus\u00e4tzlich haben Sie das Recht auf Berichtigung unrichtiger Daten, Sperrung und L\u00f6schung Ihrer personenbezogenen Daten, soweit dem keine gesetzliche Aufbewahrungspflicht entgegensteht.<\/p><\/div><\/div><\/div><\/div><\/div><\/div>\n","protected":false},"excerpt":{"rendered":"<p>Datenschutzerkl\u00e4rung Geltungsbereich Unsere Webseite erhebt keine pers\u00f6nlichen Daten von Ihnen, au\u00dfer den im Abschnitt\u00a0Protokollierung durch den Provider \u00a0und Kontaktaufnahme\u00a0genannten. Diese Datenschutzerkl\u00e4rung kl\u00e4rt Sie als Nutzer unserer Webseite \u00fcber die Art, den Umfang und Zwecke der Erhebung und Verwendung personenbezogener Daten durch uns, das Katholische Hilfswerk &#8222;St. Godehard&#8220;, auf. Protokollierung durch den Provider Ihr Browser \u00fcbermittelt diverse Daten an den Webserver. &#8230;<\/p>\n","protected":false},"author":1,"featured_media":0,"parent":0,"menu_order":0,"comment_status":"closed","ping_status":"closed","template":"template-blank-1.php","meta":{"footnotes":""},"class_list":["post-265","page","type-page","status-publish","hentry","no-post-thumbnail"],"_links":{"self":[{"href":"https:\/\/hilfswerk-st-godehard.de\/index.php?rest_route=\/wp\/v2\/pages\/265","targetHints":{"allow":["GET"]}}],"collection":[{"href":"https:\/\/hilfswerk-st-godehard.de\/index.php?rest_route=\/wp\/v2\/pages"}],"about":[{"href":"https:\/\/hilfswerk-st-godehard.de\/index.php?rest_route=\/wp\/v2\/types\/page"}],"author":[{"embeddable":true,"href":"https:\/\/hilfswerk-st-godehard.de\/index.php?rest_route=\/wp\/v2\/users\/1"}],"replies":[{"embeddable":true,"href":"https:\/\/hilfswerk-st-godehard.de\/index.php?rest_route=%2Fwp%2Fv2%2Fcomments&post=265"}],"version-history":[{"count":8,"href":"https:\/\/hilfswerk-st-godehard.de\/index.php?rest_route=\/wp\/v2\/pages\/265\/revisions"}],"predecessor-version":[{"id":707,"href":"https:\/\/hilfswerk-st-godehard.de\/index.php?rest_route=\/wp\/v2\/pages\/265\/revisions\/707"}],"wp:attachment":[{"href":"https:\/\/hilfswerk-st-godehard.de\/index.php?rest_route=%2Fwp%2Fv2%2Fmedia&parent=265"}],"curies":[{"name":"wp","href":"https:\/\/api.w.org\/{rel}","templated":true}]}}

<div id="cs-content" class="cs-content"><div class="x-section e265-e1 m7d-0"><div class="x-row e265-e2 m7d-1 m7d-2"><div class="x-row-inner"><div class="x-col e265-e3 m7d-3"><div class="x-text x-content e265-e4 m7d-4"><h3><span style="color: #800000;"><span style="color: #800000;">Datenschutzer</span><span style="color: #800000;"><span style="color: #800000;">klärung</span></span></span></h3>
<h4><span style="color: #800000;">Geltungsbereich</span></h4>
<p class="justify" style="text-align: left;">Unsere Webseite erhebt keine persönlichen Daten von Ihnen, außer den im Abschnitt <span style="color: #ff6600;"><a style="color: #ff6600;" href="https://hilfswerk-st-godehard.de/privacy.php#log"><span style="color: #800000;">Protokollierung durch den Provider</span> </a></span> und <span style="color: #ff6600;"><a style="color: #ff6600;" href="https://hilfswerk-st-godehard.de/privacy.php#contact"><span style="color: #800000;">Kontaktaufnahme</span></a></span> genannten.</p>
<p class="justify" style="text-align: left;">Diese Datenschutzerklärung klärt Sie als Nutzer unserer Webseite über die Art, den Umfang und Zwecke der Erhebung und Verwendung personenbezogener Daten durch uns, das Katholische Hilfswerk "St. Godehard", auf.</p>

<h4 id="log"><span style="color: #800000;">Protokollierung durch den Provider</span></h4>
<p>Ihr Browser übermittelt diverse Daten an den Webserver. Der Webserver speichert folgende Daten in Protokolldateien:</p>

<ul class="log">
 	<li class="log">Ihre IP-Adresse</li>
 	<li class="log">Datum und Uhrzeit des Zugriffs auf den Webserver</li>
 	<li class="log">den Dateinamen, den Ihr Browser abgerufen hat</li>
 	<li class="log">den Statuscode des Webservers und die Anzahl der übertragenen Bytes</li>
 	<li class="log">die Adresse der Webseite, von der aus Sie zu unserer Webseite gekommen sind, zum Beispiel die Adresse einer Suchmaschine</li>
 	<li class="log">die Angaben des <span style="color: #800000;"><a class="ext" style="color: #800000;" href="https://de.wikipedia.org/wiki/User_Agent">User Agents</a></span></li>
</ul>
<p>Ihr Internet-Provider kann aus der IP-Adresse ermitteln, welcher seiner Kunden diese IP-Adresse zum Zeitpunkt des Aufrufs der Webseite hatte.</p>
<p>Diese Daten werden von uns nur zu statistischen Zwecken verwendet und an niemandem weitergegeben. Wir behalten uns aber vor, diese Daten im Falle einer rechtswidrigen Nutzung einer Strafverfolgungsbehörde zur Verfügung zu stellen.</p>

<h4><span style="color: #800000;">Umgang mit personenbezogenen Daten</span></h4>
<p>Personenbezogene Daten sind Informationen, mit deren Hilfe eine Person bestimmbar ist, also Angaben, die zurück zu einer Person verfolgt werden können. Dazu gehören der Name, die E-Mailadresse oder die Telefonnummer. Aber auch Daten über Vorlieben, Hobbies, Mitgliedschaften oder welche Webseiten von jemandem angesehen wurden zählen zu personenbezogenen Daten.</p>
<p>Personenbezogene Daten werden von uns nur dann erhoben, genutzt und weiter gegeben, wenn dies gesetzlich erlaubt ist oder Sie der Nutzung Ihrer Daten und gegebenenfalls der Weitergabe zugestimmt haben.</p>

<h4 id="contact"><span style="color: #800000;">Kontaktaufnahme</span></h4>
<p>Bei der Kontaktaufnahme mit uns per E-Mail werden Ihre Angaben zwecks Bearbeitung der Anfrage sowie für den Fall, dass  weitere Fragen entstehen, gespeichert.</p>
<p>Wenn Sie damit nicht einverstanden sind, bitten wir Sie um eine alternative Form der Kontaktaufnahme.</p>

<h4><span style="color: #800000;">Einbindung von Diensten und Inhalten Dritter</span></h4>
<p>Sobald Sie einen Link auf eine andere Webseite benutzen (erkennbar an der blauen Schrift und der blauen Unterstreichung) verlassen Sie unsere Webseite und wir haben keinen Einfluss mehr auf Datenschutz oder Verwendung von persönlichen Daten.</p>

<h4><span style="color: #800000;">Widerruf, Änderungen, Berichtigungen und Aktualisierungen</span></h4>
<p>Sie haben das Recht, auf Antrag unentgeltlich über die personenbezogenen Daten, die über Sie gespeichert wurden, Auskunft zu erhalten. Zusätzlich haben Sie das Recht auf Berichtigung unrichtiger Daten, Sperrung und Löschung Ihrer personenbezogenen Daten, soweit dem keine gesetzliche Aufbewahrungspflicht entgegensteht.</p></div></div></div></div></div></div>

<p>Datenschutzerklärung Geltungsbereich Unsere Webseite erhebt keine persönlichen Daten von Ihnen, außer den im Abschnitt Protokollierung durch den Provider  und Kontaktaufnahme genannten. Diese Datenschutzerklärung klärt Sie als Nutzer unserer Webseite über die Art, den Umfang und Zwecke der Erhebung und Verwendung personenbezogener Daten durch uns, das Katholische Hilfswerk &#8222;St. Godehard&#8220;, auf. Protokollierung durch den Provider Ihr Browser übermittelt diverse Daten an den Webserver. &#8230;</p>
